{"id":5915,"date":"2026-01-08T11:35:11","date_gmt":"2026-01-08T10:35:11","guid":{"rendered":"http:\/\/pkas.cz\/?page_id=5915"},"modified":"2026-01-08T11:42:45","modified_gmt":"2026-01-08T10:42:45","slug":"krajska-mistrovstvi-sezony-2025","status":"publish","type":"page","link":"http:\/\/pkas.cz\/?page_id=5915","title":{"rendered":"Krajsk\u00e1 mistrovstv\u00ed sez\u00f3ny 2025"},"content":{"rendered":"\n<div class=\"wp-block-columns is-layout-flex wp-container-core-columns-layout-1 wp-block-columns-is-layout-flex\">\n<div class=\"wp-block-column is-layout-flow wp-block-column-is-layout-flow\"><div class=\"wp-block-image\">\n<figure class=\"aligncenter size-large is-resized\"><img loading=\"lazy\" decoding=\"async\" width=\"724\" height=\"1024\" src=\"http:\/\/pkas.cz\/wp-content\/uploads\/2026\/01\/Uvod-724x1024.png\" alt=\"\" class=\"wp-image-5916\" style=\"width:343px;height:auto\" srcset=\"http:\/\/pkas.cz\/wp-content\/uploads\/2026\/01\/Uvod-724x1024.png 724w, http:\/\/pkas.cz\/wp-content\/uploads\/2026\/01\/Uvod-212x300.png 212w, http:\/\/pkas.cz\/wp-content\/uploads\/2026\/01\/Uvod-768x1086.png 768w, http:\/\/pkas.cz\/wp-content\/uploads\/2026\/01\/Uvod-1086x1536.png 1086w, http:\/\/pkas.cz\/wp-content\/uploads\/2026\/01\/Uvod.png 1414w\" sizes=\"(max-width: 724px) 100vw, 724px\" \/><\/figure><\/div><\/div>\n\n\n\n<div class=\"wp-block-column is-layout-flow wp-block-column-is-layout-flow\"><div class=\"wp-block-image\">\n<figure class=\"aligncenter size-large is-resized\"><img loading=\"lazy\" decoding=\"async\" width=\"724\" height=\"1024\" src=\"http:\/\/pkas.cz\/wp-content\/uploads\/2026\/01\/1b-Kompletni-data-724x1024.png\" alt=\"\" class=\"wp-image-5917\" style=\"width:341px;height:auto\" srcset=\"http:\/\/pkas.cz\/wp-content\/uploads\/2026\/01\/1b-Kompletni-data-724x1024.png 724w, http:\/\/pkas.cz\/wp-content\/uploads\/2026\/01\/1b-Kompletni-data-212x300.png 212w, http:\/\/pkas.cz\/wp-content\/uploads\/2026\/01\/1b-Kompletni-data-768x1086.png 768w, http:\/\/pkas.cz\/wp-content\/uploads\/2026\/01\/1b-Kompletni-data-1086x1536.png 1086w, http:\/\/pkas.cz\/wp-content\/uploads\/2026\/01\/1b-Kompletni-data.png 1414w\" sizes=\"(max-width: 724px) 100vw, 724px\" \/><\/figure><\/div><\/div>\n<\/div>\n\n\n\n<div class=\"wp-block-columns is-layout-flex wp-container-core-columns-layout-2 wp-block-columns-is-layout-flex\">\n<div class=\"wp-block-column is-layout-flow wp-block-column-is-layout-flow\"><div class=\"wp-block-image\">\n<figure class=\"aligncenter size-large is-resized\"><img loading=\"lazy\" decoding=\"async\" width=\"724\" height=\"1024\" src=\"http:\/\/pkas.cz\/wp-content\/uploads\/2026\/01\/2-viceboje-724x1024.png\" alt=\"\" class=\"wp-image-5918\" style=\"width:346px;height:auto\" srcset=\"http:\/\/pkas.cz\/wp-content\/uploads\/2026\/01\/2-viceboje-724x1024.png 724w, http:\/\/pkas.cz\/wp-content\/uploads\/2026\/01\/2-viceboje-212x300.png 212w, http:\/\/pkas.cz\/wp-content\/uploads\/2026\/01\/2-viceboje-768x1086.png 768w, http:\/\/pkas.cz\/wp-content\/uploads\/2026\/01\/2-viceboje-1086x1536.png 1086w, http:\/\/pkas.cz\/wp-content\/uploads\/2026\/01\/2-viceboje.png 1414w\" sizes=\"(max-width: 724px) 100vw, 724px\" \/><\/figure><\/div><\/div>\n\n\n\n<div class=\"wp-block-column is-layout-flow wp-block-column-is-layout-flow\"><div class=\"wp-block-image\">\n<figure class=\"aligncenter size-large is-resized\"><img loading=\"lazy\" decoding=\"async\" width=\"724\" height=\"1024\" src=\"http:\/\/pkas.cz\/wp-content\/uploads\/2026\/01\/3-kladivo-a-dlouhe-preky-724x1024.png\" alt=\"\" class=\"wp-image-5921\" style=\"width:347px;height:auto\" srcset=\"http:\/\/pkas.cz\/wp-content\/uploads\/2026\/01\/3-kladivo-a-dlouhe-preky-724x1024.png 724w, http:\/\/pkas.cz\/wp-content\/uploads\/2026\/01\/3-kladivo-a-dlouhe-preky-212x300.png 212w, http:\/\/pkas.cz\/wp-content\/uploads\/2026\/01\/3-kladivo-a-dlouhe-preky-768x1086.png 768w, http:\/\/pkas.cz\/wp-content\/uploads\/2026\/01\/3-kladivo-a-dlouhe-preky-1086x1536.png 1086w, http:\/\/pkas.cz\/wp-content\/uploads\/2026\/01\/3-kladivo-a-dlouhe-preky.png 1414w\" sizes=\"(max-width: 724px) 100vw, 724px\" \/><\/figure><\/div><\/div>\n<\/div>\n\n\n\n<div class=\"wp-block-columns is-layout-flex wp-container-core-columns-layout-3 wp-block-columns-is-layout-flex\">\n<div class=\"wp-block-column is-layout-flow wp-block-column-is-layout-flow\"><div class=\"wp-block-image\">\n<figure class=\"aligncenter size-large is-resized\"><img loading=\"lazy\" decoding=\"async\" width=\"724\" height=\"1024\" src=\"http:\/\/pkas.cz\/wp-content\/uploads\/2026\/01\/4a-stz-724x1024.png\" alt=\"\" class=\"wp-image-5923\" style=\"width:348px;height:auto\" srcset=\"http:\/\/pkas.cz\/wp-content\/uploads\/2026\/01\/4a-stz-724x1024.png 724w, http:\/\/pkas.cz\/wp-content\/uploads\/2026\/01\/4a-stz-212x300.png 212w, http:\/\/pkas.cz\/wp-content\/uploads\/2026\/01\/4a-stz-768x1086.png 768w, http:\/\/pkas.cz\/wp-content\/uploads\/2026\/01\/4a-stz-1086x1536.png 1086w, http:\/\/pkas.cz\/wp-content\/uploads\/2026\/01\/4a-stz.png 1414w\" sizes=\"(max-width: 724px) 100vw, 724px\" \/><\/figure><\/div><\/div>\n\n\n\n<div class=\"wp-block-column is-layout-flow wp-block-column-is-layout-flow\"><div class=\"wp-block-image\">\n<figure class=\"aligncenter size-large is-resized\"><img loading=\"lazy\" decoding=\"async\" width=\"724\" height=\"1024\" src=\"http:\/\/pkas.cz\/wp-content\/uploads\/2026\/01\/5-dopeli-juniori-dorost-724x1024.png\" alt=\"\" class=\"wp-image-5924\" style=\"width:350px;height:auto\" srcset=\"http:\/\/pkas.cz\/wp-content\/uploads\/2026\/01\/5-dopeli-juniori-dorost-724x1024.png 724w, http:\/\/pkas.cz\/wp-content\/uploads\/2026\/01\/5-dopeli-juniori-dorost-212x300.png 212w, http:\/\/pkas.cz\/wp-content\/uploads\/2026\/01\/5-dopeli-juniori-dorost-768x1086.png 768w, http:\/\/pkas.cz\/wp-content\/uploads\/2026\/01\/5-dopeli-juniori-dorost-1086x1536.png 1086w, http:\/\/pkas.cz\/wp-content\/uploads\/2026\/01\/5-dopeli-juniori-dorost.png 1414w\" sizes=\"(max-width: 724px) 100vw, 724px\" \/><\/figure><\/div><\/div>\n<\/div>\n\n\n\n<div class=\"wp-block-columns is-layout-flex wp-container-core-columns-layout-4 wp-block-columns-is-layout-flex\">\n<div class=\"wp-block-column is-layout-flow wp-block-column-is-layout-flow\"><div class=\"wp-block-image\">\n<figure class=\"aligncenter size-large is-resized\"><img loading=\"lazy\" decoding=\"async\" width=\"724\" height=\"1024\" src=\"http:\/\/pkas.cz\/wp-content\/uploads\/2026\/01\/6-mlz-724x1024.png\" alt=\"\" class=\"wp-image-5926\" style=\"width:352px;height:auto\" srcset=\"http:\/\/pkas.cz\/wp-content\/uploads\/2026\/01\/6-mlz-724x1024.png 724w, http:\/\/pkas.cz\/wp-content\/uploads\/2026\/01\/6-mlz-212x300.png 212w, http:\/\/pkas.cz\/wp-content\/uploads\/2026\/01\/6-mlz-768x1086.png 768w, http:\/\/pkas.cz\/wp-content\/uploads\/2026\/01\/6-mlz-1086x1536.png 1086w, http:\/\/pkas.cz\/wp-content\/uploads\/2026\/01\/6-mlz.png 1414w\" sizes=\"(max-width: 724px) 100vw, 724px\" \/><\/figure><\/div><\/div>\n\n\n\n<div class=\"wp-block-column is-layout-flow wp-block-column-is-layout-flow\"><div class=\"wp-block-image\">\n<figure class=\"aligncenter size-large is-resized\"><img loading=\"lazy\" decoding=\"async\" width=\"724\" height=\"1024\" src=\"http:\/\/pkas.cz\/wp-content\/uploads\/2026\/01\/7-1500-m-724x1024.png\" alt=\"\" class=\"wp-image-5927\" style=\"width:352px;height:auto\" srcset=\"http:\/\/pkas.cz\/wp-content\/uploads\/2026\/01\/7-1500-m-724x1024.png 724w, http:\/\/pkas.cz\/wp-content\/uploads\/2026\/01\/7-1500-m-212x300.png 212w, http:\/\/pkas.cz\/wp-content\/uploads\/2026\/01\/7-1500-m-768x1086.png 768w, http:\/\/pkas.cz\/wp-content\/uploads\/2026\/01\/7-1500-m-1086x1536.png 1086w, http:\/\/pkas.cz\/wp-content\/uploads\/2026\/01\/7-1500-m.png 1414w\" sizes=\"(max-width: 724px) 100vw, 724px\" \/><\/figure><\/div><\/div>\n<\/div>\n\n\n\n<div class=\"wp-block-columns is-layout-flex wp-container-core-columns-layout-5 wp-block-columns-is-layout-flex\">\n<div class=\"wp-block-column is-layout-flow wp-block-column-is-layout-flow\"><div class=\"wp-block-image\">\n<figure class=\"aligncenter size-large is-resized\"><img loading=\"lazy\" decoding=\"async\" width=\"724\" height=\"1024\" src=\"http:\/\/pkas.cz\/wp-content\/uploads\/2026\/01\/8-prespolak-724x1024.png\" alt=\"\" class=\"wp-image-5929\" style=\"width:358px;height:auto\" srcset=\"http:\/\/pkas.cz\/wp-content\/uploads\/2026\/01\/8-prespolak-724x1024.png 724w, http:\/\/pkas.cz\/wp-content\/uploads\/2026\/01\/8-prespolak-212x300.png 212w, http:\/\/pkas.cz\/wp-content\/uploads\/2026\/01\/8-prespolak-768x1086.png 768w, http:\/\/pkas.cz\/wp-content\/uploads\/2026\/01\/8-prespolak-1086x1536.png 1086w, http:\/\/pkas.cz\/wp-content\/uploads\/2026\/01\/8-prespolak.png 1414w\" sizes=\"(max-width: 724px) 100vw, 724px\" \/><\/figure><\/div><\/div>\n\n\n\n<div class=\"wp-block-column is-layout-flow wp-block-column-is-layout-flow\"><\/div>\n<\/div>\n","protected":false},"excerpt":{"rendered":"","protected":false},"author":4,"featured_media":0,"parent":2182,"menu_order":0,"comment_status":"closed","ping_status":"closed","template":"","meta":{"footnotes":""},"jetpack_sharing_enabled":true,"_links":{"self":[{"href":"http:\/\/pkas.cz\/index.php?rest_route=\/wp\/v2\/pages\/5915"}],"collection":[{"href":"http:\/\/pkas.cz\/index.php?rest_route=\/wp\/v2\/pages"}],"about":[{"href":"http:\/\/pkas.cz\/index.php?rest_route=\/wp\/v2\/types\/page"}],"author":[{"embeddable":true,"href":"http:\/\/pkas.cz\/index.php?rest_route=\/wp\/v2\/users\/4"}],"replies":[{"embeddable":true,"href":"http:\/\/pkas.cz\/index.php?rest_route=%2Fwp%2Fv2%2Fcomments&post=5915"}],"version-history":[{"count":3,"href":"http:\/\/pkas.cz\/index.php?rest_route=\/wp\/v2\/pages\/5915\/revisions"}],"predecessor-version":[{"id":5930,"href":"http:\/\/pkas.cz\/index.php?rest_route=\/wp\/v2\/pages\/5915\/revisions\/5930"}],"up":[{"embeddable":true,"href":"http:\/\/pkas.cz\/index.php?rest_route=\/wp\/v2\/pages\/2182"}],"wp:attachment":[{"href":"http:\/\/pkas.cz\/index.php?rest_route=%2Fwp%2Fv2%2Fmedia&parent=5915"}],"curies":[{"name":"wp","href":"https:\/\/api.w.org\/{rel}","templated":true}]}}