{"id":1081,"date":"2020-05-25T18:21:52","date_gmt":"2020-05-25T16:21:52","guid":{"rendered":"http:\/\/pkas.cz\/?page_id=1081"},"modified":"2026-03-10T11:18:39","modified_gmt":"2026-03-10T10:18:39","slug":"pronajem-cilove-kamery","status":"publish","type":"page","link":"http:\/\/pkas.cz\/?page_id=1081","title":{"rendered":"Pron\u00e1jem c\u00edlov\u00e9 kamery"},"content":{"rendered":"\n<p style=\"text-decoration:underline\">Kontakt:<\/p>\n\n\n\n<p><strong>Ing. Tom\u00e1\u0161 Ott<\/strong><br><a href=\"mailto:kamera.pkas@gmail.com\" data-type=\"mailto\" data-id=\"mailto:info@athletime.cz\" target=\"_blank\" rel=\"noreferrer noopener\">kamera.pkas@gmail.com<\/a><br><a href=\"http:\/\/pkas.cz\/?page_id=5847\" data-type=\"page\" data-id=\"5847\" target=\"_blank\" rel=\"noreferrer noopener\">+420 732 250 092<\/a><\/p>\n","protected":false},"excerpt":{"rendered":"<p>Kontakt: Ing. Tom\u00e1\u0161 Ottkamera.pkas@gmail.com+420 732 250 092<\/p>\n","protected":false},"author":1,"featured_media":0,"parent":0,"menu_order":0,"comment_status":"closed","ping_status":"closed","template":"","meta":{"footnotes":""},"jetpack_sharing_enabled":true,"_links":{"self":[{"href":"http:\/\/pkas.cz\/index.php?rest_route=\/wp\/v2\/pages\/1081"}],"collection":[{"href":"http:\/\/pkas.cz\/index.php?rest_route=\/wp\/v2\/pages"}],"about":[{"href":"http:\/\/pkas.cz\/index.php?rest_route=\/wp\/v2\/types\/page"}],"author":[{"embeddable":true,"href":"http:\/\/pkas.cz\/index.php?rest_route=\/wp\/v2\/users\/1"}],"replies":[{"embeddable":true,"href":"http:\/\/pkas.cz\/index.php?rest_route=%2Fwp%2Fv2%2Fcomments&post=1081"}],"version-history":[{"count":9,"href":"http:\/\/pkas.cz\/index.php?rest_route=\/wp\/v2\/pages\/1081\/revisions"}],"predecessor-version":[{"id":6154,"href":"http:\/\/pkas.cz\/index.php?rest_route=\/wp\/v2\/pages\/1081\/revisions\/6154"}],"wp:attachment":[{"href":"http:\/\/pkas.cz\/index.php?rest_route=%2Fwp%2Fv2%2Fmedia&parent=1081"}],"curies":[{"name":"wp","href":"https:\/\/api.w.org\/{rel}","templated":true}]}}

Pronájem cílové kamery

<p style="text-decoration:underline">Kontakt:</p>



<p><strong>Ing. Tomáš Ott</strong><br><a href="mailto:kamera.pkas@gmail.com" data-type="mailto" data-id="mailto:info@athletime.cz" target="_blank" rel="noreferrer noopener">kamera.pkas@gmail.com</a><br><a href="http://pkas.cz/?page_id=5847" data-type="page" data-id="5847" target="_blank" rel="noreferrer noopener">+420 732 250 092</a></p>

<p>Kontakt: Ing. Tomáš Ottkamera.pkas@gmail.com+420 732 250 092</p>
